 9 = -a. Let q(t) = 4*t + t**2 + t**3 + t**3 - 2 - a*t**3. Give q(3).
-8
Let q(o) = -o + 7. Let l(z) = -z + 3. Let n(m) = 7*l(m) - 3*q(m). Suppose 6 = -3*x + 15. Let d(y) = y**2 - 2*y - 2. Let u be d(x). Give n(u).
-4
Let d(a) = -a**3 - a - 3. Let b = 1 - 1. What is d(b)?
-3
Suppose 58 = 9*p - 14. Let d(k) = k**3 - 9*k**2 + 7*k - 6. Give d(p).
-14
Let z(u) = -2*u**2 - 2*u - 1. Suppose -3*y = -3 - 3. Suppose -4 = s - y. Give z(s).
-5
Suppose -d + 29 = 27. Let s(a) be the second derivative of -1/12*a**4 + a**d + a + 0 - 1/6*a**3. Give s(-2).
0
Let c(x) = x**3 + 6*x**2 + x - 8. Suppose -2*m + 13 = 3. Let q(f) = -f**3 - 6*f**2 + 9. Let h(w) = m*c(w) + 4*q(w). Calculate h(-5).
-4
Let v be 4 + (-1 - 2 - -1). Let p(k) = 5*k - 3. Let l be p(v). Let w(j) = j**2 - 7*j + 3. Let a be w(l). Let m(c) = c**3 - 2*c**2 - 4. Determine m(a).
5
Let b(w) = -2*w**2 - 3*w + 4. Let y(h) = h - 2. Let x be y(-1). What is b(x)?
-5
Let g be 2*-1*3/6. Let p(f) = -17*f - 1. Determine p(g).
16
Let m(b) = 2*b**3 + 1. Let d(r) = r - 7. Let g be d(8). Suppose j + t = g + 1, -4*j - t + 17 = 0. Suppose -4*x - k + 7 = 0, -x + j*k - 14 = -0. Give m(x).
3
Let h(g) = -g. Let j be h(-2). Let t(w) = 2 + j - 3 + w. Give t(0).
1
Let f(j) = -j**2 - 12*j - 9. Let i be f(-11). Suppose -i*h = 4 - 20. Let v(l) = -l**2 + 8*l + 4. What is v(h)?
4
Let r(v) be the first derivative of v**3/3 + 9*v**2/2 + 8*v - 92. Let l = 3 - 9. What is r(l)?
-10
Let z be (3 - 0) + 2 + -3. Suppose 0 = -2*h + 5*r - z*r + 9, -h + 2 = -r. Let f(k) = k - 1. Determine f(h).
-4
Suppose 5*i - 4 - 11 = 0. Let u(a) = -2*a + 2*a + a + i. Let q be 0*(-1)/(-2 - 0). Give u(q).
3
Suppose 12 = m + 2*m. Suppose 2*n - m*b = -12, -4 - 11 = 4*n - 5*b. Let j = -4 + n. Let q(o) = o**3 + 5*o**2 + 4*o - 3. What is q(j)?
-3
Suppose 2*b - 7*b = 0. Let o(w) be the third derivative of -1/6*w**3 - 1/24*w**4 + 0 + b*w + 2*w**2 + 1/15*w**5 + 1/120*w**6. Determine o(-4).
3
Let y(k) = -4 + 6 - 6 + 2*k. Give y(3).
2
Let f(v) = 0*v - 5*v + 5 + 1 + 3*v. Let l(p) be the third derivative of p**3/6 + p**2. Let m(g) = -f(g) + 4*l(g). What is m(-2)?
-6
Let k(s) = s - 2. Let r = -12 - -13. Let w be (4 + -4)/(r + 0). Determine k(w).
-2
Let n = 39 + -35. Let g = 14 + -8. Let t(m) = -2 + g + 1 - m. Give t(n).
1
Let o(l) be the first derivative of -l**4/4 + 5*l**3/3 - 2*l**2 + l + 44. Determine o(4).
1
Let a(t) = 9 + 156*t**2 + 157*t**2 + t**3 - 319*t**2 - 2*t. Give a(6).
-3
Let a(u) = u**3 - 2*u - 1. Let f be a(0). Let w(r) = -3*r**2 + r + 1. Calculate w(f).
-3
Let n = 53 + -43. Let h(a) = -a**2 + 11*a - 5. Determine h(n).
5
Let n(y) = y + 4. Let s = -32 + 29. Determine n(s).
1
Let l = -5 + 2. Let r(u) = -2*u + 3. Determine r(l).
9
Let w(m) = 2*m**2 - 13*m + 5. Let n be w(6). Let v(p) = p**2 - p. What is v(n)?
2
Let x(t) = 6*t + 7. Let u(c) = -5*c - 6. Let h(i) = 7*u(i) + 6*x(i). Suppose 1 = -g - 1. Let q = -1 - g. Give h(q).
1
Suppose 9 = a - 6. Suppose -5*m + a = -5*u, u + 13 = -2*u - m. Let p(l) = -l + 1. Let k(j) = -4*j - 3. Let g(i) = -k(i) + 3*p(i). What is g(u)?
2
Suppose 4 = -4*q - 4. Let f = -4 - q. Let u(g) = g**2 + 5*g + 2. Calculate u(f).
-4
Let v(s) = -s - 6. Suppose 6 - 1 = u. Let h(p) = p**3 - 5*p**2 - 6*p + 7. Let x be h(6). Suppose 5*d - x + 2 = 5*c, -1 = u*d + c. Give v(d).
-6
Let p(g) = -9*g + 29. Let i(l) = 5*l - 15. Let r(n) = 11*i(n) + 6*p(n). Determine r(-4).
5
Let u(p) = p + 1. Let c = -1 - -3. Let j(n) = -2*n - 1. Let d(i) = c*j(i) + 5*u(i). Calculate d(-2).
1
Let o(w) be the first derivative of -w**2/2 + 13*w + 10. Give o(7).
6
Let c(a) be the third derivative of -a**5/30 - 5*a**4/24 - a**3/2 + 17*a**2. Determine c(-3).
-6
Let t(s) = -s**3 - 3*s**2 - 2*s + 1. Suppose 2*y + 5 = -3*x, -2*x + 2*y = 3*y + 2. Let r be 0 + 2 + x + -5. Give t(r).
1
Suppose 14 = o - 1. Let y be ((-2)/(-2))/((-5)/o). Let a(f) = -f**2 - 3*f - 2. Determine a(y).
-2
Let w(r) = -r**2 - 2*r + 1. Let j = -12 + 16. Suppose -f = -5*l - j*f + 2, 3*f - 10 = -l. Give w(l).
1
Suppose 5*c = -p + 23, -2*c - 11 = -4*c - p. Let s(o) = -o + 1. Give s(c).
-3
Suppose -2*f + 8 = -0*f, 0 = 5*x - 3*f - 3. Suppose 0*m = 2*o + x*m + 27, 38 = -3*o - 4*m. Let p(b) = b**3 + 6*b**2 - 2*b - 9. What is p(o)?
3
Let l = -4 - -8. Suppose 5*h - l*b = 43, 4*h - 3*b = -1 + 35. Let g(r) = h*r**2 + r**3 + 0*r - 4 + 2*r - r**2 - 2*r**2. What is g(-3)?
-1
Let z(x) = -x**3 - x**2 + 1. Let o = -3 + 5. Suppose -o = 2*i - i. Let v be i/(-6)*(-6 + 0). Give z(v).
5
Let v(t) = -t**3 + t**2 - t. Let m(h) = 3*h**3 - 8*h**2 + 2*h + 3. Let c(x) = m(x) + 4*v(x). Let f = -2 - -2. Let z(j) = j**3 - j - 3. Let l be z(f). Give c(l).
0
Let f(p) = -p - 4*p**2 - 2 - 11*p**2 + 22*p**2. Give f(2).
24
Let z(a) = 6 + 13*a + 3*a - 1 - 3*a**2 - 15*a. Let n(g) = -4*g**2 + g + 6. Let c(l) = 2*n(l) - 3*z(l). Give c(3).
3
Let l(z) be the third derivative of -z**6/120 + z**5/60 + z**4/6 + z**3/6 + 2*z**2. Let m be l(3). Let u(o) = -7*o + 3*o + o**2 - 4 + 8*o. What is u(m)?
1
Let l(f) = -f**2 + 2*f - 1. Let o be l(1). Let d be (1 - o) + (0 - -1). Let h(r) = r**3 - 2*r**2 - 3*r + 1. What is h(d)?
-5
Let x be (-5)/(-2)*48/30. Let q(z) = -z + 2 + 1 + 2 + 4. Calculate q(x).
5
Let v(r) = r**2 + 7*r + 2. Let j be 0 - -5 - (0 + 1). Let f(o) = o - 5*o**2 + 2*o + 3*o**3 - o + 3 - 2*o**3. Let b be f(j). Calculate v(b).
-8
Let f = 0 + 2. Let q(l) = f*l**2 + l - 2*l**2 - 2*l**2. Calculate q(1).
-1
Let s(l) = l**2 - 2*l - 5. Let n(w) = -w**2 + 3*w + 5. Let v(x) = 6*n(x) + 5*s(x). Give v(6).
17
Suppose 0 = 6*c - 3 - 3. Let w(o) = 3*o - 1. Give w(c).
2
Let b(r) = -r**3 - r**2 - r + 5. Suppose 4*z + z - 20 = 0. Let x(g) = g**2 - 5*g + 4. Let i be x(z). What is b(i)?
5
Let s = -4 - 2. Let d = -4 - s. Let f(n) = -d + 3*n + 2*n - 7*n. Give f(-4).
6
Let j(f) = f. Suppose 0 = -8*z + 4*z + 12. Suppose -x + 2 - z = 0. Give j(x).
-1
Let j(g) be the third derivative of 0 - 7/24*g**4 + 4*g**2 - 1/60*g**5 + 0*g + 1/6*g**3. What is j(-3)?
13
Let d(m) = m**3 - 7*m**2 + 3*m + 14. Let h be d(6). Let v(l) = l**3 + 3*l**2 - 5*l + 1. Determine v(h).
5
Let k be (-57)/(-12) - 3/(-12). Let y(n) = -n + 1 - k*n**3 + 3*n + 4*n**3. What is y(-1)?
0
Suppose 0*o + 3*o = 3. Let z(p) = 5*p**2 + 1. Let t be z(o). Let h(r) = -r**2 + 6*r - 3. What is h(t)?
-3
Let y(n) = n**3 + 2*n**2 + n + 1. Let z(d) = -2*d**3 - 5*d**2 - 3*d - 3. Let j(a) = 5*y(a) + 3*z(a). Calculate j(-5).
16
Let k(h) = h**3 + h. Let p(d) = -2*d**3 - 3*d. Let j(z) = 3*k(z) + p(z). What is j(1)?
1
Let b = 1 + 2. Suppose -y - b*v + 23 = y, 2*v = 4*y - 6. Let u(s) = 2*s - 9. Let h(p) = 4*p - 17. Let j(z) = -4*h(z) + 7*u(z). What is j(y)?
-3
Let h(v) = -v**3 - v**2 - v + 5. Let p = -5 + 4. Let t be (p - -1)*(-4)/8. What is h(t)?
5
Let q(d) be the first derivative of -d**2 + 2*d**3 - 5*d + 1/4*d**4 + 1. Calculate q(-6).
7
Let a(z) = z**2 - z - 4. Suppose -4*r + 5*v + 3 = 0, 0 = r - 3*v + 1 - 7. Determine a(r).
8
Suppose 8*k = 4*k - 16. Let q(i) be the second derivative of -i**4/12 - i**3/2 - 5*i**2/2 - 3*i. What is q(k)?
-9
Let f(n) = n**2 - 4*n + 2. Let d(h) = -3*h - 15. Let q be d(-6). Determine f(q).
-1
Suppose -3*d + 0 + 6 = 0. Let p = d + 1. Let y(g) = -5*g**2 - g**p + 1 - 5 + 7 + g. Give y(-5).
-2
Suppose 0 = f + 5*n - 20 - 9, -2*f = n - 13. Let s = -1 - f. Let x(k) = 2*k - 7. Let p(h) = -h. Let g(l) = -3*p(l) - x(l). Calculate g(s).
2
Let l(y) = y - 1. Let g(s) = -s**2 + 14*s + 33. Let p be g(16). Give l(p).
0
Let s be 10/(-45) - 86/18. Let k(d) = 4*d - 4. Let a = 4 - -2. Let y(z) = 5*z - 5. Let u(p) = a*k(p) - 5*y(p). Give u(s).
6
Suppose -5*v - 35 = 3*r, -v + 2 = -2*r - 4. Suppose 2*a - 4 = -0*a. Let l(b) = -14 + b + a - 2*b. Give l(r).
-7
Let v(q) be the first derivative of 1/4*q**4 + 3/2*q**2 + 6*q - 2 + 4/3*q**3. Give v(-4).
-6
Let j(v) be the third derivative of 0*v**4 - 1/30*v**5 - 2*v**2 + 0*v + 0 + 1/6*v**3 - 1/120*v**6. Let u be (2/2)/(1/(-1)). What is j(u)?
0
Let i(b) = 7*b - 1 - 3*b**2 - 7*b + b**2. Calculate i(-2).
-9
Let d(v) = -1 + 1 - 2*v. Suppose 0 = -s - 2*a - 10, 2*a = 4*s - 0*a + 10. Give d(s).
8
Let r(a) = -9*a - 6*a**2 - 6 + 10*a**2 + 2*a**2 - 5*a**2. What is r(9)?
-6
Let d(i) = -15 + 7 - i + 8*i + 9. Let t be 1*(2/(-2))/(-1). Determine d(t).
8
Let z = -1 + 0. Let v(g) = -14*g + 5. Let s(o) = 13*o - 4. Let c(a) = 6*s(a) + 5*v(a). Calculate c(z).
-7
Let d(i) be the first deriv